-2). Let s = x - 7. Suppose -s = -2*u + 1. List the prime factors of u.
3
Let k(t) = -4*t**3 + 2*t**2 + t. Let f be k(-1). Suppose d - 2*d + 2*r = -6, 0 = f*r + 20. List the prime factors of (3/(-9))/(d/30).
5
Suppose 2*y + y = -4*v + 13, -y = 1. Suppose v*g = g + 6. Suppose -2 = g*z + 5*x, 0*x = -3*z - x + 23. List the prime factors of z.
3
Let f(i) = 6*i + 5. Let y be f(-5). Let g = 38 + -2. Let z = y + g. List the prime factors of z.
11
Let s be ((-4)/2)/4*10. Let g(m) = -m + 3. What are the prime factors of g(s)?
2
Suppose -2*s = 2*i - 6, -i + 6 = -2*s - 3. Suppose -i*q = -0*q - 50. List the prime factors of q.
2, 5
Let k = 116 - 80. What are the prime factors of k?
2, 3
Suppose 1 = -4*o + 21. Let a(f) = f**2 - 5*f + 5. Let m be a(o). Suppose m*q - 29 - 1 = 0. List the prime factors of q.
2, 3
Let u be 2/(-6) - (-7)/3. Suppose -5*k + k - u*m + 42 = 0, m = -5*k + 57. List the prime factors of k.
2, 3
Let q be (-1)/((-2)/(-3))*-6. Let i = 19 - q. What are the prime factors of i?
2, 5
Let y(c) = -5*c**2 + 1 - c**3 + 0 - 4 + 6*c + 4. Let z be y(-6). List the prime factors of 20 - (3 - -1 - z).
17
Let i be 195/25 + 1/5. List the prime factors of (-1)/((i/(-2))/140).
5, 7
Suppose 9*p = 11*p - 214. List the prime factors of p.
107
Suppose 2*j - 4*j = 3*u - 287, 5*j - 709 = u. What are the prime factors of j?
2, 71
Let v = -80 + 149. List the prime factors of 6/(-3 + v/21).
3, 7
Let s(x) = -x - 2. Let y be s(-2). Suppose y = 4*a + 1 - 9, 5*a - 40 = -3*p. What are the prime factors of p?
2, 5
Let n be (1 + -6)*2/2. Let i(z) = z**3 + 4*z**2 - 6*z + 2. Let c be i(n). Let m(f) = f**2 - 7*f + 8. List the prime factors of m(c).
2
Let d(w) = 7*w**3 - 1. Let y be d(1). Let f(n) = -n**2 + 5*n - 9. Let p(x) = x. Let v(l) = f(l) + 4*p(l). What are the prime factors of v(y)?
3
Let s be (4/(-6))/((-2)/(-12)). Let b = 0 - s. What are the prime factors of b?
2
Let b(a) = -2*a**3 - 2*a**2 + 2*a - 12. List the prime factors of b(-5).
2, 89
Let w = -16 - -25. Let f = 45 - w. Suppose 2*q = -q + f. What are the prime factors of q?
2, 3
Let f(x) = -x**3 - 2*x**2 - 2*x + 2. Let p be f(-2). Suppose 85 = p*c - c. What are the prime factors of c?
17
Suppose -3*p = -67 - 185. Let r = -47 + p. List the prime factors of r.
37
Let x be (-2)/(-4) - (-81)/(-2). Let u = 57 + x. List the prime factors of u.
17
Let c = -108 + 151. What are the prime factors of c?
43
Suppose 0 = -3*d, 5*z - 5*d + 8*d + 5 = 0. List the prime factors of z/2 - (-21)/2.
2, 5
Let w(z) = 2*z**2 - 3*z - 1. Let a be w(4). List the prime factors of a + -2 + 0 + -1.
2
Let u = -5 - -9. Suppose 3*r + u = 16. Suppose 4 = -r*q, 2 = -4*v + q + 11. List the prime factors of v.
2
Let j = 73 + -51. List the prime factors of j.
2, 11
Let u = 6 + -4. Let w(o) = o**2 + o + 2. List the prime factors of w(u).
2
Let k(t) = 2*t - 4. List the prime factors of k(11).
2, 3
Let i(y) = -y**3 + 6*y**2 - y - 7. Suppose 7*a = 3*a + 20. List the prime factors of i(a).
13
Let i(h) = -h**3 + 4*h**2 - 4*h - 1. Let z be i(3). Let b be (6/z)/((-3)/(-16)). What are the prime factors of b/36 - (-76)/18?
2
Suppose -j = -17 - 1. List the prime factors of j.
2, 3
Suppose 0*u = 4*u - 372. Suppose 2*t - 5*t = -u. Let o = t - 19. List the prime factors of o.
2, 3
Let n = -113 - -227. List the prime factors of n.
2, 3, 19
Let f(u) = -8*u + 4. Let c be f(-3). Suppose d + 5*y = c, 53 = -d + 6*d - 4*y. What are the prime factors of d?
13
Let d(s) = s**2 + 9*s - 4. Let u be d(-10). Let o(c) = u + 3 - 2 + c. What are the prime factors of o(7)?
2, 7
Let o be (-132)/(-30) + 4/(-10). What are the prime factors of 34/2 + o/(-2)?
3, 5
Let l be 76/18 - 14/63. Suppose -l*g + 16 + 4 = 0. What are the prime factors of g?
5
Suppose 3*w - 16 = 2*g, -g + 7*w - 13 = 3*w. Let o(i) = -i + 5. What are the prime factors of o(g)?
2, 5
Let q(d) = -d**2 + 5*d + 8. Let z be q(6). Let n be (1 + 0)/(z/(-22)). Let j = -3 - n. List the prime factors of j.
2
Let s(l) = -l**3 - 7*l**2 + l + 10. Let g be s(-7). Suppose -g*x + 2*x + 4 = 0. Suppose -4 = 4*z, x*h + 3*z = -0*h + 9. What are the prime factors of h?
3
Let b(w) = w**3 + 2. Let j be b(0). Suppose -2*o + 52 = j*o. List the prime factors of o.
13
Let a be -5 - -3 - (-1 - 2). Let k(f) = 4*f + 1. List the prime factors of k(a).
5
Let a(p) = p**2 - p - 1. Let o(v) = -v**3 + 4*v**2 - 5*v - 2. Let f(t) = -3*a(t) - o(t). What are the prime factors of f(6)?
17
Suppose -3*t + 2*t + 85 = p, -p = -4*t + 365. Let n(h) = h**2 - 12*h + 6. Let s be n(12). Suppose g + t = s*g. What are the prime factors of g?
2, 3
Suppose 8 - 393 = -5*z. What are the prime factors of 12/(-18) + z/3?
5
Let o = 0 - -29. What are the prime factors of o?
29
Let m(x) = x**3 + 5*x**2 + 3*x + 1. Let n(h) = -h**2 - 5*h - 4. Let a be n(-5). List the prime factors of m(a).
5
Let q be 3/(-18) - 39/(-18). Suppose -t - 2*b + 9 = 0, b = -q*t - 2*b + 20. List the prime factors of t.
13
Let f(l) = -l + 10. Let k(n) = 4*n - 1. Suppose 0 = -4*b + 2*m, 0 = b + 4*b + 5*m - 30. Let s be k(b). List the prime factors of f(s).
3
Let x(j) = j**3 + 3*j**2 + 3*j + 4. Let c be x(-3). Let v = -4 - c. Let n(q) = 14*q**3 - q + 1. What are the prime factors of n(v)?
2, 7
Let a(s) = s + 5. Let i be a(-9). Let m = i - -6. Suppose -m*q + 12 = 4*h, 5*q - 3*h + h = 42. What are the prime factors of q?
2
What are the prime factors of ((-14)/8)/((-1)/84)?
3, 7
What are the prime factors of 2/(-4)*11/((-22)/40)?
2, 5
Let o be ((-7)/3)/((-1)/(-3)). Let k be (15/(-10))/((-6)/52). Let w = k + o. What are the prime factors of w?
2, 3
Let f(t) = 5*t - 8. Let l be f(4). List the prime factors of ((-16)/l + 1)*-9.
3
Let q be 2 - (4 - 2/1). Suppose q = -2*z - 5*w + 47, z - 2*w + 7*w - 36 = 0. What are the prime factors of z?
11
Suppose -18*c + 837 = -9*c. What are the prime factors of c?
3, 31
Suppose 999 = 4*j + 319. What are the prime factors of j?
2, 5, 17
Suppose 0 = 2*u + 2, -g = -3*u - 27. List the prime factors of ((-10)/(-4) + -2)*g.
2, 3
Let v be -2*(3/(-2) + 1). Suppose 5*a + 3*j + 15 = 0, 2*j = -2*a - a - 10. Suppose -1 = -3*f - 4*c + v, f - c - 10 = a. List the prime factors of f.
2, 3
Let l(i) = i**2 + 3*i - 2. List the prime factors of l(-7).
2, 13
Suppose -q + 5*q = 292. What are the prime factors of q?
73
Suppose 4*b - 621 = 5*p, -129 = -b - 3*p - p. What are the prime factors of b?
149
Let h(i) = i + 40. What are the prime factors of h(-16)?
2, 3
Suppose -3*i = -2*i. Suppose 4*u - 85 - 31 = i. What are the prime factors of u?
29
Let k(x) = x - 2. Let t be k(8). What are the prime factors of ((-3)/t)/((-1)/16)?
2
Let y(r) = r**3 - 5*r**2 - 6*r + 9. Let q be y(6). Let f = 6 + q. List the prime factors of f.
3, 5
Let c(g) = -g + 6. Let b be c(5). Let t = -11 - 15. What are the prime factors of t*b*1/(-2)?
13
Let o = 18 - 12. Suppose 0 = -3*y + o, -y + 5 = -3*c - 3. What are the prime factors of -15*(0 + c/3)?
2, 5
Suppose 18 = 12*p - 11*p. List the prime factors of p.
2, 3
Let w(i) = -3*i**3 - 5*i**2 - i + 3. Let p(l) = 4*l**3 + 6*l**2 - 4. Let c(o) = 2*p(o) + 3*w(o). What are the prime factors of c(-3)?
2, 5
Suppose 21 = -4*z - 3. Let r = z - -14. Let g = -5 + r. What are the prime factors of g?
3
Let w(h) be the third derivative of h**6/120 + 7*h**5/60 + h**4/4 + 3*h**3/2 + 6*h**2. Let d be (-12)/(-14)*(-1 - 6). What are the prime factors of w(d)?
3
Suppose 2*z - 46 = 3*w, 3*z - 79 = -w - 21. What are the prime factors of (25/(-20))/((-1)/z)?
5
Let c be ((3/(-1))/1)/(-1). Let w = -5 + 10. Suppose 0 = -5*f + c*f, w*m + f - 20 = 0. List the prime factors of m.
2
Suppose 0 = -4*l - 0 + 8, 3*a + 5*l - 4 = 0. Let s = -12 + 19. Let n = s - a. List the prime factors of n.
3
Let q(m) = m**2 - 4*m + 6. Let s(v) = -v**2 - v + 5. Let n be s(0). List the prime factors of q(n).
11
Suppose -7*r + 2*r = -3*a - 401, r - 4*a - 70 = 0. What are the prime factors of r?
2, 41
Suppose 13*g - 125 = 8*g. Suppose -142 = -4*z - 5*v, 47 = 2*z + 3*v - g. What are the prime factors of z?
3, 11
Let x = 10 - 7. Suppose -x*g = 3*n - 93, g + 42 = 3*g - 3*n. What are the prime factors of g?
3
Let w be -2*(-3 - (-2 + 0)). Suppose 4*x = -f + 176, 2*x - x + 2*f - 37 = 0. Suppose -w*r - 3*r = -x. What are the prime factors of r?
3
Let v(b) = -b**2 + 4*b - 2. Let a be v(5). Let u = 11 + a. List the prime factors of 